et x(f) be the third derivative of -13*f**6/40 + f**4/12 + f**3/6 + 8*f**2. Suppose 5*b = -2 - 3. What is the units digit of x(b)?
8
Let b be ((-4)/(-6))/(18/81). Suppose 599 = -b*p + 8*p - 4*l, 4*p + 5*l - 471 = 0. Let m = p + -84. What is the units digit of m?
5
Let t(a) = a**3 + 9*a**2 + 7*a - 3. Let g be t(-8). What is the tens digit of (27*7)/(6 + 0 - g)?
8
Suppose 16*s - 154 = 14*s. Let u = s + -21. What is the units digit of u?
6
Let p be (-6)/(-4)*(3 + -1). Suppose -2*w - p = 1, 4*x - 14 = -3*w. Suppose -2*c + 7 = 1, -2*a - x*c = -23. What is the units digit of a?
4
Suppose z = 3, 4190 = 5*n - 4*z + 552. What is the tens digit of n?
3
What is the tens digit of -3*(-3598)/(-6)*(4 + -5)?
9
Suppose -32*k = -29*k + 5*a - 12852, -a = -3*k + 12852. What is the hundreds digit of k?
2
Suppose 0 = -6*t + 11*t - 75. Let p = 20 - t. Suppose -4*s - p*v + 166 = -6*v, -4*s - 2*v + 172 = 0. What is the units digit of s?
2
Let z be -1 - (-2 + 2)/3. Let o(b) = -b**3 - b**2 + b + 2. Let x be o(z). What is the units digit of 172*x*4/16?
3
Suppose 2*b = -2*b - 12. Let i be (-2 - b)/((-4)/(-16)). Suppose -i*w + 58 + 2 = 0. What is the units digit of w?
5
What is the units digit of -1 + 4 + 5 + 315?
3
Suppose 4*b + 4*t = 7724, -4*b - b + 3*t + 9687 = 0. What is the units digit of b?
5
Let d(j) = 3*j**2 + 42*j + 129. What is the hundreds digit of d(-26)?
0
Let u(n) = 2*n**2 + 58*n + 38. Let l be u(-28). What is the hundreds digit of 2/((-4)/642)*l/27?
2
Let g = -714 - -1468. What is the units digit of g?
4
Suppose 3*r - 15 = -6. Suppose -i + 10 = -3*b - 1, 4*b - 112 = -5*i. Suppose 7*q = r*q + i. What is the units digit of q?
5
Let j = -74 + 119. What is the tens digit of -12*5/(-1)*42/j?
5
Let w(u) = 234*u - 19. What is the units digit of w(3)?
3
Let h(o) = -o**2 + o + 6. Let v be h(-5). Let p = 54 - v. Suppose 0 = -4*l + l + p. What is the tens digit of l?
2
Suppose 0 = -0*j + 8*j - 160. Suppose 5*x = j + 20. What is the units digit of x?
8
Let b = 18 + -12. Suppose 2*x + 26 = -5*k + 10*k, 0 = -2*x - b. Suppose k*w = -3*v + 19 + 9, 5*v + w - 24 = 0. What is the units digit of v?
4
Let d = -5 + 10. Suppose 5*s = -3*j + 178, -d*s - 1 + 57 = j. What is the tens digit of j?
6
Suppose -2*n - 4*d - 12 = 0, d - 2*d = -3*n + 10. Suppose 0 = n*r - 91 - 69. What is the units digit of r?
0
Let l = 586 + -206. What is the units digit of l?
0
Suppose -15 - 15 = 3*f. Let o = -6 - f. Suppose o*d - 51 - 25 = 4*u, -d + 4*u = -10. What is the tens digit of d?
2
Let t(f) = f**3 + 5*f**2 - 7*f - 2. Let m be t(-6). Suppose 0 = -2*r + 12 - m, 0 = -4*w - 4*r + 108. What is the tens digit of w?
2
Let f = 7 - 18. Let s = f - -13. Suppose 3*m = 5*r + 97, 7*m - s*m - 145 = 5*r. What is the units digit of m?
4
Let q be (14/21)/((-1)/(-3)). Suppose 0 = c + 2*f + 26, -q*f = -f. Let z = 34 - c. What is the units digit of z?
0
Let p = -18 + 23. Suppose -3*h - 3 = -4*h + 4*j, 0 = 4*h + p*j - 12. Suppose h*r + 36 - 219 = 0. What is the units digit of r?
1
Suppose 3*a + a = 0. Suppose -2*x = -0*x - 34. Suppose a = -13*j + x*j - 104. What is the units digit of j?
6
Suppose -5*j = -5*w - 5, 1 + 13 = -4*w + 2*j. What is the tens digit of w/(3/1) - (-71 + 4)?
6
Suppose 0 = -h + 5*h - 1124. What is the tens digit of h?
8
Let u(h) = 65*h + 149. What is the units digit of u(22)?
9
Let k(m) = -89*m**3 - m**2 - 4*m - 5. What is the units digit of k(-2)?
1
Let f be (-28)/(-6) - 1/(-3). Let g(q) = -15*q**3 - f + 2*q - 4*q + 16*q**3 + 13*q**2. What is the tens digit of g(-13)?
2
Let n(b) = -b**3 - 8*b**2 - 15*b - 17. Let s be n(-6). What is the units digit of (33 + s)*8/((-48)/(-21))?
9
Let s be ((1 - -1) + -5)*16/(-12). Let c = -3 - -14. Suppose -s*o - c = 3*b, 3*o - 7 = b + 5*o. What is the units digit of b?
3
Let r = -2710 - -4160. What is the thousands digit of r?
1
Let v = 488 + -276. What is the hundreds digit of v?
2
Let s = 86 - 31. Let g(c) = 2*c + 5. Let t be g(8). Suppose l - y = 5, -t = 4*l + 3*y - s. What is the units digit of l?
7
Suppose 0 = -3*j - 5*k + 1426, -5*j + 870 = -5*k - 1480. What is the hundreds digit of j?
4
Let v(f) = 51*f - 79. What is the units digit of v(8)?
9
Let b = 7135 + -3150. What is the thousands digit of b?
3
Let r(c) be the first derivative of -3*c**2 - 6*c + 61. Let n = -10 + 6. What is the units digit of r(n)?
8
What is the units digit of (-4)/(-5)*(-4740)/(-24)?
8
Suppose -3*t + 1926 = 3*t. What is the hundreds digit of t?
3
Let i(g) = -2*g**2 - 4*g + 1. Let d be i(-3). Let o(p) = 1. Let s(a) = -a**2 - 2*a - 2. Let w(u) = -4*o(u) - s(u). What is the tens digit of w(d)?
1
Suppose -4*t + 11 = 5*y - 5*t, -y + 7 = -5*t. Suppose -q = -4*v - 201, -6*v - 381 = -y*q - 5*v. What is the hundreds digit of q?
1
Let q(d) = -2*d**3 - 12*d**2 - 2*d - 17. What is the hundreds digit of q(-11)?
2
Suppose 6*z - 4263 = -z. What is the hundreds digit of z?
6
Let d be (-37)/(-6) - (-7)/(-42). Suppose -d*j - 491 = -1427. Let c = j + -92. What is the units digit of c?
4
Suppose -5*g + 13192 - 967 = 0. What is the units digit of g?
5
Let b be (-2)/(-9) - (-136)/36. Suppose 2 = 2*i + 12, 4*i = -b*m - 8. What is the units digit of m?
3
Let y(p) = 179*p - 285. What is the units digit of y(20)?
5
Suppose 0 = -2*p + 4, -2*n - 3*p + 4 = -6*p. Suppose 3*k = t + 3*t - 51, -2*t = n*k - 45. What is the tens digit of t?
1
Suppose -4*w - 234 = -a, -4*a + 6*a = -2*w + 448. What is the units digit of a?
6
Suppose -w - 2 + 1 = o, -2*w - o = -3. Suppose n - 12 = w. What is the units digit of n?
6
Let p = 92 + -46. Let k = -24 - -32. Let g = k + p. What is the tens digit of g?
5
Let h = 192 + -134. Let v = h - 39. Suppose -2*g - v = -139. What is the tens digit of g?
6
Let k(i) be the first derivative of i**2/2 + 38*i + 4. What is the tens digit of k(0)?
3
Suppose -544*k = -572*k + 38444. What is the units digit of k?
3
What is the thousands digit of 2/36*62553 + 1/(-6)?
3
Let g = 246 + -100. Let q = g - 60. What is the units digit of q?
6
Let m be 4*(-3)/(-2) - (4 + -7). Suppose 8*x = m*x - 2*l - 320, x + 5*l - 341 = 0. What is the units digit of x?
6
Let t(o) = o**3 - 10*o**2 + 38*o - 12. What is the hundreds digit of t(12)?
7
Let p(n) = -n**3 + 5*n**2 + 15*n - 4. Let c be p(7). Suppose -4*w + 404 = 2*a + 2*a, c*w - a - 283 = 0. What is the units digit of w?
6
What is the thousands digit of (-4 - -5 - 1625/6)*-18?
4
Let r(s) = s - 2*s**2 - 6 - 6*s**3 - 10*s**3 - 2*s**2. Let l(v) = -15*v**3 - 3*v**2 + v - 5. Let x(p) = -5*l(p) + 4*r(p). What is the tens digit of x(1)?
1
Suppose 3*z + 25 = -4*d, 3*z - 9 = 3*d + 15. Let n = d + 11. Suppose 5*y = n*y + 15. What is the tens digit of y?
1
Let x = -177 + 212. What is the tens digit of x?
3
What is the units digit of 140*(-20)/(-35)*(-182)/(-20)?
8
Let i(l) = 4*l**2 - 2*l - 9. Let m(f) = -f**2 - f. Let d(b) = i(b) + 3*m(b). What is the units digit of d(8)?
5
Let b = -453 + 510. What is the tens digit of b?
5
Let u be -1 - (2 - 2 - 0). Let m(f) = -31*f**3 - 3*f - 1. What is the tens digit of m(u)?
3
Let a be (-6)/4 + 1190/28. Suppose -5*o - a + 6 = -5*i, 4*o + 12 = 0. What is the units digit of i?
4
Let h(x) = 4*x**3 + x**2 - 4*x. Let p(y) = 5*y**3 - 3*y + 1. Let r(q) = 4*h(q) - 3*p(q). Let c be r(-5). Suppose 259 = c*d - 119. What is the tens digit of d?
5
Let b be (2/6)/(4/4440*2). Let f = -96 + b. What is the tens digit of f?
8
Let d(a) = -a**2 - 5*a + 9. Let q be d(-7). Let o(c) be the first derivative of -7*c**2 - 4*c + 42. What is the tens digit of o(q)?
6
Let o be ((-52)/(-6))/(4/(-6)). Let c be 4/(-24) + 547/6. Let i = c + o. What is the tens digit of i?
7
Suppose -14*j = -10333 + 1807. What is the hundreds digit of j?
6
Suppose -71 = -3*h + 5*p, -3*h = -4*p - 56 - 14. Let c = -112 + 352. What is the units digit of c/132 - (-4)/h?
2
Let x = 4347 + -1326. What is the thousands digit of x?
3
Let v(r) = -r**2 - 9*r - 14. Let q be v(-7). Suppose q*f - 4*f = -948. What is the hundreds digit of f?
2
Let q = -1619 - -2747. What is the thousands digit of q?
1
Suppose 20 = 8*f - 4*f. Let k = 2 + f. What is the units digit of k?
7
Suppose -16*d = -19*d + 108. Let l(p) = -p**2 + p - 3. Let t be l(-4). Let s = t + d. What is the units digit of s?
3
Let f(d) = d. Let j(k) = 75*k. Let h(z) = 100*f(z) - j(z). What is the tens digit of h(3)?
7
Let s(j) = 130*j 